{"id":42491,"date":"2025-01-04T11:52:46","date_gmt":"2025-01-04T16:52:46","guid":{"rendered":"https:\/\/lajauladelangel.com.co\/tesoro\/?page_id=1353"},"modified":"2026-04-20T09:49:21","modified_gmt":"2026-04-20T14:49:21","slug":"reservas","status":"publish","type":"page","link":"https:\/\/lajauladelangel.com.co\/eltesoro\/reservas\/","title":{"rendered":"Reservas"},"content":{"rendered":"\t\t<div data-elementor-type=\"wp-page\" data-elementor-id=\"42491\" class=\"elementor elementor-42491\">\n\t\t\t\t\t\t<div class=\"elementor-inner\">\n\t\t\t\t<div class=\"elementor-section-wrap\">\n\t\t\t\t\t\t\t<div class=\"elementor-element elementor-element-26add04 e-con-boxed e-con\" data-id=\"26add04\" data-element_type=\"container\" data-settings=\"{&quot;background_background&quot;:&quot;classic&quot;,&quot;content_width&quot;:&quot;boxed&quot;}\">\n\t\t\t\t\t<div class=\"e-con-inner\">\n\t\t\t\t<div class=\"elementor-element elementor-element-9ce464c elementor-headline--style-highlight elementor-widget elementor-widget-animated-headline\" data-id=\"9ce464c\" data-element_type=\"widget\" data-settings=\"{&quot;marker&quot;:&quot;underline_zigzag&quot;,&quot;highlighted_text&quot;:&quot;Deporte&quot;,&quot;highlight_iteration_delay&quot;:9000,&quot;headline_style&quot;:&quot;highlight&quot;,&quot;loop&quot;:&quot;yes&quot;,&quot;highlight_animation_duration&quot;:1200}\" data-widget_type=\"animated-headline.default\">\n\t\t\t\t<div class=\"elementor-widget-container\">\n\t\t\t\t\t<h1 class=\"elementor-headline\">\n\t\t\t\t\t<span class=\"elementor-headline-plain-text elementor-headline-text-wrapper\">Selecciona el<\/span>\n\t\t\t\t<span class=\"elementor-headline-dynamic-wrapper elementor-headline-text-wrapper\">\n\t\t\t\t\t<span class=\"elementor-headline-dynamic-text elementor-headline-text-active\">Deporte<\/span>\n\t\t\t\t<\/span>\n\t\t\t\t<\/h1>\n\t\t\t\t<\/div>\n\t\t\t\t<\/div>\n\t\t\t\t\t<\/div>\n\t\t\t\t<\/div>\n\t\t<div class=\"elementor-element elementor-element-09b96f9 e-con-boxed e-con\" data-id=\"09b96f9\" data-element_type=\"container\" data-settings=\"{&quot;background_background&quot;:&quot;classic&quot;,&quot;content_width&quot;:&quot;boxed&quot;}\">\n\t\t\t\t\t<div class=\"e-con-inner\">\n\t\t\t\t<div class=\"elementor-element elementor-element-7bd4545 elementor-widget-divider--view-line elementor-widget elementor-widget-divider\" data-id=\"7bd4545\" data-element_type=\"widget\" data-widget_type=\"divider.default\">\n\t\t\t\t<div class=\"elementor-widget-container\">\n\t\t\t\t\t<div class=\"elementor-divider\">\n\t\t\t<span class=\"elementor-divider-separator\">\n\t\t\t\t\t\t<\/span>\n\t\t<\/div>\n\t\t\t\t<\/div>\n\t\t\t\t<\/div>\n\t\t<div class=\"elementor-element elementor-element-8df1915 e-con-full e-con\" data-id=\"8df1915\" data-element_type=\"container\" data-settings=\"{&quot;content_width&quot;:&quot;full&quot;}\">\n\t\t\t\t<div class=\"elementor-element elementor-element-832c189 elementor-hidden-tablet elementor-hidden-mobile elementor-widget elementor-widget-jet-smart-filters-color-image\" data-id=\"832c189\" data-element_type=\"widget\" data-widget_type=\"jet-smart-filters-color-image.default\">\n\t\t\t\t<div class=\"elementor-widget-container\">\n\t\t\t<div class=\"jet-smart-filters-color-image jet-filter \" data-indexer-rule=\"show\" data-show-counter=\"\" data-change-counter=\"always\"><div class=\"jet-color-image-list\" data-query-type=\"tax_query\" data-query-var=\"product_cat\" data-smart-filter=\"color-image\" data-filter-id=\"42333\" data-apply-type=\"ajax\" data-content-provider=\"epro-products\" data-additional-providers=\"\" data-query-id=\"default\" data-active-label=\"Filtro deporte\" data-layout-options=\"{&quot;show_label&quot;:&quot;&quot;,&quot;display_options&quot;:{&quot;show_items_label&quot;:&quot;yes&quot;,&quot;show_decorator&quot;:false,&quot;filter_image_size&quot;:&quot;full&quot;,&quot;show_counter&quot;:false}}\" data-query-var-suffix=\"\"><div class=\"jet-color-image-list-wrapper\"><div class=\"jet-color-image-list__row jet-filter-row\">\n\t<label class=\"jet-color-image-list__item\">\n\t\t<input\n\t\t\ttype=\"checkbox\"\n\t\t\tclass=\"jet-color-image-list__input\"\n\t\t\tname=\"product_cat\"\n\t\t\tvalue=\"124\"\n\t\t\tdata-label=\"F\u00fatbol\"\n\t\t\t\t\t>\n\t\t<div class=\"jet-color-image-list__button\">\n\t\t\t<span class=\"jet-color-image-list__decorator\">\n\t\t\t\t\t\t\t\t\t\t\t\t\t<span class=\"jet-color-image-list__image\"><img decoding=\"async\" src=\"https:\/\/lajauladelangel.com.co\/eltesoro\/wp-content\/uploads\/2025\/01\/balon-futbol.png\" alt=\"F\u00fatbol\"><\/span>\n\t\t\t\t\t\t\t<\/span>\n\t\t\t\t\t\t\t<span class=\"jet-color-image-list__label\">F\u00fatbol<\/span>\n\t\t\t\t\t\t\t\t<\/div>\n\t<\/label>\n<\/div><div class=\"jet-color-image-list__row jet-filter-row\">\n\t<label class=\"jet-color-image-list__item\">\n\t\t<input\n\t\t\ttype=\"checkbox\"\n\t\t\tclass=\"jet-color-image-list__input\"\n\t\t\tname=\"product_cat\"\n\t\t\tvalue=\"160\"\n\t\t\tdata-label=\"P\u00e1del\"\n\t\t\t\t\t>\n\t\t<div class=\"jet-color-image-list__button\">\n\t\t\t<span class=\"jet-color-image-list__decorator\">\n\t\t\t\t\t\t\t\t\t\t\t\t\t<span class=\"jet-color-image-list__image\"><img decoding=\"async\" src=\"https:\/\/lajauladelangel.com.co\/eltesoro\/wp-content\/uploads\/2025\/01\/image-2-Traced.svg\" alt=\"P\u00e1del\"><\/span>\n\t\t\t\t\t\t\t<\/span>\n\t\t\t\t\t\t\t<span class=\"jet-color-image-list__label\">P\u00e1del<\/span>\n\t\t\t\t\t\t\t\t<\/div>\n\t<\/label>\n<\/div><\/div><\/div>\n<\/div>\t\t<\/div>\n\t\t\t\t<\/div>\n\t\t\t\t<div class=\"elementor-element elementor-element-5631715 elementor-widget elementor-widget-heading\" data-id=\"5631715\" data-element_type=\"widget\" data-widget_type=\"heading.default\">\n\t\t\t\t<div class=\"elementor-widget-container\">\n\t\t\t<h2 class=\"elementor-heading-title elementor-size-default\">Canchas encontradas<\/h2>\t\t<\/div>\n\t\t\t\t<\/div>\n\t\t<div class=\"elementor-element elementor-element-d90908a e-con-boxed e-con\" data-id=\"d90908a\" data-element_type=\"container\" data-settings=\"{&quot;content_width&quot;:&quot;boxed&quot;}\">\n\t\t\t\t\t<div class=\"e-con-inner\">\n\t\t\t\t<div class=\"elementor-element elementor-element-8f403e6 elementor-product-loop-item--align-center elementor-grid-mobile-1 elementor-grid-4 elementor-grid-tablet-3 elementor-products-grid elementor-wc-products elementor-widget elementor-widget-woocommerce-products\" data-id=\"8f403e6\" data-element_type=\"widget\" data-widget_type=\"woocommerce-products.default\">\n\t\t\t\t<div class=\"elementor-widget-container\">\n\t\t\t<div class=\"woocommerce columns-4 \"><ul class=\"products elementor-grid columns-4\">\n<li class=\"desktop-align-left tablet-align-left mobile-align-left ast-product-gallery-layout-horizontal-slider ast-product-tabs-layout-horizontal product type-product post-1195 status-publish first instock product_cat-reservas-tesoro product_cat-reserva-tesoro-futbol product_cat-reservas has-post-thumbnail virtual purchasable product-type-appointment\">\n\t<a href=\"https:\/\/lajauladelangel.com.co\/eltesoro\/tienda\/cancha-1\/\" class=\"woocommerce-LoopProduct-link woocommerce-loop-product__link\"><img loading=\"lazy\" decoding=\"async\" width=\"300\" height=\"300\" src=\"https:\/\/lajauladelangel.com.co\/eltesoro\/wp-content\/uploads\/2025\/01\/IMG_1037-300x300.jpg\" class=\"attachment-woocommerce_thumbnail size-woocommerce_thumbnail\" alt=\"\" srcset=\"https:\/\/lajauladelangel.com.co\/eltesoro\/wp-content\/uploads\/2025\/01\/IMG_1037-300x300.jpg 300w, https:\/\/lajauladelangel.com.co\/eltesoro\/wp-content\/uploads\/2025\/01\/IMG_1037-150x150.jpg 150w, https:\/\/lajauladelangel.com.co\/eltesoro\/wp-content\/uploads\/2025\/01\/IMG_1037-100x100.jpg 100w\" sizes=\"auto, (max-width: 300px) 100vw, 300px\" \/><h2 class=\"woocommerce-loop-product__title\">Cancha #1 EL TESORO (7vs7)<\/h2><div class=\"review-rating\"><div class=\"star-rating\"><span style=\"width:0%\">Valorado con <strong class=\"rating\">0<\/strong> de 5<\/span><\/div><\/div>\n\t<span class=\"price\">Desde: <span class=\"woocommerce-Price-amount amount\"><bdi><span class=\"woocommerce-Price-currencySymbol\">&#36;<\/span>238.000<\/bdi><\/span> <small class=\"duration\">60 minutos<\/small><\/span>\n<\/a><a href=\"https:\/\/lajauladelangel.com.co\/eltesoro\/tienda\/cancha-1\/\" aria-describedby=\"woocommerce_loop_add_to_cart_link_describedby_1195\" data-quantity=\"1\" class=\"button product_type_appointment add_to_cart_button \" data-product_id=\"1195\" data-product_sku=\"TC1\" aria-label=\"Lee m\u00e1s sobre &ldquo;Cancha #1 EL TESORO (7vs7)&rdquo;\" rel=\"nofollow\">Reservar<\/a>\t<span id=\"woocommerce_loop_add_to_cart_link_describedby_1195\" class=\"screen-reader-text\">\n\t\t\t<\/span>\n<\/li>\n<li class=\"desktop-align-left tablet-align-left mobile-align-left ast-product-gallery-layout-horizontal-slider ast-product-tabs-layout-horizontal product type-product post-1360 status-publish instock product_cat-reservas-tesoro product_cat-reserva-tesoro-futbol product_cat-reservas has-post-thumbnail virtual purchasable product-type-appointment\">\n\t<a href=\"https:\/\/lajauladelangel.com.co\/eltesoro\/tienda\/cancha-2\/\" class=\"woocommerce-LoopProduct-link woocommerce-loop-product__link\"><img loading=\"lazy\" decoding=\"async\" width=\"300\" height=\"300\" src=\"https:\/\/lajauladelangel.com.co\/eltesoro\/wp-content\/uploads\/2025\/01\/IMG_1540-300x300.jpg\" class=\"attachment-woocommerce_thumbnail size-woocommerce_thumbnail\" alt=\"\" srcset=\"https:\/\/lajauladelangel.com.co\/eltesoro\/wp-content\/uploads\/2025\/01\/IMG_1540-300x300.jpg 300w, https:\/\/lajauladelangel.com.co\/eltesoro\/wp-content\/uploads\/2025\/01\/IMG_1540-150x150.jpg 150w, https:\/\/lajauladelangel.com.co\/eltesoro\/wp-content\/uploads\/2025\/01\/IMG_1540-100x100.jpg 100w\" sizes=\"auto, (max-width: 300px) 100vw, 300px\" \/><h2 class=\"woocommerce-loop-product__title\">Cancha #2 EL TESORO (5vs5)<\/h2><div class=\"review-rating\"><div class=\"star-rating\"><span style=\"width:0%\">Valorado con <strong class=\"rating\">0<\/strong> de 5<\/span><\/div><\/div>\n\t<span class=\"price\">Desde: <span class=\"woocommerce-Price-amount amount\"><bdi><span class=\"woocommerce-Price-currencySymbol\">&#36;<\/span>123.000<\/bdi><\/span> <small class=\"duration\">60 minutos<\/small><\/span>\n<\/a><a href=\"https:\/\/lajauladelangel.com.co\/eltesoro\/tienda\/cancha-2\/\" aria-describedby=\"woocommerce_loop_add_to_cart_link_describedby_1360\" data-quantity=\"1\" class=\"button product_type_appointment add_to_cart_button \" data-product_id=\"1360\" data-product_sku=\"TC2\" aria-label=\"Lee m\u00e1s sobre &ldquo;Cancha #2 EL TESORO (5vs5)&rdquo;\" rel=\"nofollow\">Reservar<\/a>\t<span id=\"woocommerce_loop_add_to_cart_link_describedby_1360\" class=\"screen-reader-text\">\n\t\t\t<\/span>\n<\/li>\n<li class=\"desktop-align-left tablet-align-left mobile-align-left ast-product-gallery-layout-horizontal-slider ast-product-tabs-layout-horizontal product type-product post-1362 status-publish instock product_cat-reservas-tesoro product_cat-reserva-tesoro-futbol product_cat-reservas has-post-thumbnail virtual purchasable product-type-appointment\">\n\t<a href=\"https:\/\/lajauladelangel.com.co\/eltesoro\/tienda\/cancha-3\/\" class=\"woocommerce-LoopProduct-link woocommerce-loop-product__link\"><img loading=\"lazy\" decoding=\"async\" width=\"300\" height=\"300\" src=\"https:\/\/lajauladelangel.com.co\/eltesoro\/wp-content\/uploads\/2025\/01\/IMG_1555-300x300.jpg\" class=\"attachment-woocommerce_thumbnail size-woocommerce_thumbnail\" alt=\"\" srcset=\"https:\/\/lajauladelangel.com.co\/eltesoro\/wp-content\/uploads\/2025\/01\/IMG_1555-300x300.jpg 300w, https:\/\/lajauladelangel.com.co\/eltesoro\/wp-content\/uploads\/2025\/01\/IMG_1555-150x150.jpg 150w, https:\/\/lajauladelangel.com.co\/eltesoro\/wp-content\/uploads\/2025\/01\/IMG_1555-100x100.jpg 100w\" sizes=\"auto, (max-width: 300px) 100vw, 300px\" \/><h2 class=\"woocommerce-loop-product__title\">Cancha #3 EL TESORO (6vs6)<\/h2><div class=\"review-rating\"><div class=\"star-rating\"><span style=\"width:0%\">Valorado con <strong class=\"rating\">0<\/strong> de 5<\/span><\/div><\/div>\n\t<span class=\"price\">Desde: <span class=\"woocommerce-Price-amount amount\"><bdi><span class=\"woocommerce-Price-currencySymbol\">&#36;<\/span>201.900<\/bdi><\/span> <small class=\"duration\">60 minutos<\/small><\/span>\n<\/a><a href=\"https:\/\/lajauladelangel.com.co\/eltesoro\/tienda\/cancha-3\/\" aria-describedby=\"woocommerce_loop_add_to_cart_link_describedby_1362\" data-quantity=\"1\" class=\"button product_type_appointment add_to_cart_button \" data-product_id=\"1362\" data-product_sku=\"TC3\" aria-label=\"Lee m\u00e1s sobre &ldquo;Cancha #3 EL TESORO (6vs6)&rdquo;\" rel=\"nofollow\">Reservar<\/a>\t<span id=\"woocommerce_loop_add_to_cart_link_describedby_1362\" class=\"screen-reader-text\">\n\t\t\t<\/span>\n<\/li>\n<li class=\"desktop-align-left tablet-align-left mobile-align-left ast-product-gallery-layout-horizontal-slider ast-product-tabs-layout-horizontal product type-product post-12901 status-publish last instock product_cat-reservas-tesoro product_cat-padel-reservas-tesoro product_cat-reservas has-post-thumbnail virtual purchasable product-type-appointment\">\n\t<a href=\"https:\/\/lajauladelangel.com.co\/eltesoro\/tienda\/cancha-4-padel\/\" class=\"woocommerce-LoopProduct-link woocommerce-loop-product__link\"><img loading=\"lazy\" decoding=\"async\" width=\"300\" height=\"300\" src=\"https:\/\/lajauladelangel.com.co\/eltesoro\/wp-content\/uploads\/2025\/01\/IMG_1044-300x300.jpg\" class=\"attachment-woocommerce_thumbnail size-woocommerce_thumbnail\" alt=\"\" srcset=\"https:\/\/lajauladelangel.com.co\/eltesoro\/wp-content\/uploads\/2025\/01\/IMG_1044-300x300.jpg 300w, https:\/\/lajauladelangel.com.co\/eltesoro\/wp-content\/uploads\/2025\/01\/IMG_1044-150x150.jpg 150w, https:\/\/lajauladelangel.com.co\/eltesoro\/wp-content\/uploads\/2025\/01\/IMG_1044-100x100.jpg 100w\" sizes=\"auto, (max-width: 300px) 100vw, 300px\" \/><h2 class=\"woocommerce-loop-product__title\">Cancha #4 EL TESORO &#8211; PADEL (2vs2)<\/h2><div class=\"review-rating\"><div class=\"star-rating\"><span style=\"width:0%\">Valorado con <strong class=\"rating\">0<\/strong> de 5<\/span><\/div><\/div>\n\t<span class=\"price\">Desde: <span class=\"woocommerce-Price-amount amount\"><bdi><span class=\"woocommerce-Price-currencySymbol\">&#36;<\/span>55.500<\/bdi><\/span> <small class=\"duration\">60 minutos<\/small><\/span>\n<\/a><a href=\"https:\/\/lajauladelangel.com.co\/eltesoro\/tienda\/cancha-4-padel\/\" aria-describedby=\"woocommerce_loop_add_to_cart_link_describedby_12901\" data-quantity=\"1\" class=\"button product_type_appointment add_to_cart_button \" data-product_id=\"12901\" data-product_sku=\"TC4\" aria-label=\"Lee m\u00e1s sobre &ldquo;Cancha #4 EL TESORO - PADEL (2vs2)&rdquo;\" rel=\"nofollow\">Reservar<\/a>\t<span id=\"woocommerce_loop_add_to_cart_link_describedby_12901\" class=\"screen-reader-text\">\n\t\t\t<\/span>\n<\/li>\n<li class=\"desktop-align-left tablet-align-left mobile-align-left ast-product-gallery-layout-horizontal-slider ast-product-tabs-layout-horizontal product type-product post-1364 status-publish first instock product_cat-reservas-tesoro product_cat-reserva-tesoro-futbol product_cat-reservas has-post-thumbnail virtual purchasable product-type-appointment\">\n\t<a href=\"https:\/\/lajauladelangel.com.co\/eltesoro\/tienda\/cancha-5\/\" class=\"woocommerce-LoopProduct-link woocommerce-loop-product__link\"><img loading=\"lazy\" decoding=\"async\" width=\"300\" height=\"300\" src=\"https:\/\/lajauladelangel.com.co\/eltesoro\/wp-content\/uploads\/2025\/01\/IMG_1057-300x300.jpg\" class=\"attachment-woocommerce_thumbnail size-woocommerce_thumbnail\" alt=\"\" srcset=\"https:\/\/lajauladelangel.com.co\/eltesoro\/wp-content\/uploads\/2025\/01\/IMG_1057-300x300.jpg 300w, https:\/\/lajauladelangel.com.co\/eltesoro\/wp-content\/uploads\/2025\/01\/IMG_1057-150x150.jpg 150w, https:\/\/lajauladelangel.com.co\/eltesoro\/wp-content\/uploads\/2025\/01\/IMG_1057-100x100.jpg 100w\" sizes=\"auto, (max-width: 300px) 100vw, 300px\" \/><h2 class=\"woocommerce-loop-product__title\">Cancha #5 EL TESORO (6vs6)<\/h2><div class=\"review-rating\"><div class=\"star-rating\"><span style=\"width:0%\">Valorado con <strong class=\"rating\">0<\/strong> de 5<\/span><\/div><\/div>\n\t<span class=\"price\">Desde: <span class=\"woocommerce-Price-amount amount\"><bdi><span class=\"woocommerce-Price-currencySymbol\">&#36;<\/span>201.900<\/bdi><\/span> <small class=\"duration\">60 minutos<\/small><\/span>\n<\/a><a href=\"https:\/\/lajauladelangel.com.co\/eltesoro\/tienda\/cancha-5\/\" aria-describedby=\"woocommerce_loop_add_to_cart_link_describedby_1364\" data-quantity=\"1\" class=\"button product_type_appointment add_to_cart_button \" data-product_id=\"1364\" data-product_sku=\"TC5\" aria-label=\"Lee m\u00e1s sobre &ldquo;Cancha #5 EL TESORO (6vs6)&rdquo;\" rel=\"nofollow\">Reservar<\/a>\t<span id=\"woocommerce_loop_add_to_cart_link_describedby_1364\" class=\"screen-reader-text\">\n\t\t\t<\/span>\n<\/li>\n<li class=\"desktop-align-left tablet-align-left mobile-align-left ast-product-gallery-layout-horizontal-slider ast-product-tabs-layout-horizontal product type-product post-1366 status-publish instock product_cat-reservas-tesoro product_cat-reserva-tesoro-futbol product_cat-reservas has-post-thumbnail virtual purchasable product-type-appointment\">\n\t<a href=\"https:\/\/lajauladelangel.com.co\/eltesoro\/tienda\/cancha-6\/\" class=\"woocommerce-LoopProduct-link woocommerce-loop-product__link\"><img loading=\"lazy\" decoding=\"async\" width=\"300\" height=\"300\" src=\"https:\/\/lajauladelangel.com.co\/eltesoro\/wp-content\/uploads\/2025\/01\/IMG_1071-300x300.jpg\" class=\"attachment-woocommerce_thumbnail size-woocommerce_thumbnail\" alt=\"\" srcset=\"https:\/\/lajauladelangel.com.co\/eltesoro\/wp-content\/uploads\/2025\/01\/IMG_1071-300x300.jpg 300w, https:\/\/lajauladelangel.com.co\/eltesoro\/wp-content\/uploads\/2025\/01\/IMG_1071-150x150.jpg 150w, https:\/\/lajauladelangel.com.co\/eltesoro\/wp-content\/uploads\/2025\/01\/IMG_1071-100x100.jpg 100w\" sizes=\"auto, (max-width: 300px) 100vw, 300px\" \/><h2 class=\"woocommerce-loop-product__title\">Cancha #6 EL TESORO (6vs6)<\/h2><div class=\"review-rating\"><div class=\"star-rating\"><span style=\"width:0%\">Valorado con <strong class=\"rating\">0<\/strong> de 5<\/span><\/div><\/div>\n\t<span class=\"price\">Desde: <span class=\"woocommerce-Price-amount amount\"><bdi><span class=\"woocommerce-Price-currencySymbol\">&#36;<\/span>201.900<\/bdi><\/span> <small class=\"duration\">60 minutos<\/small><\/span>\n<\/a><a href=\"https:\/\/lajauladelangel.com.co\/eltesoro\/tienda\/cancha-6\/\" aria-describedby=\"woocommerce_loop_add_to_cart_link_describedby_1366\" data-quantity=\"1\" class=\"button product_type_appointment add_to_cart_button \" data-product_id=\"1366\" data-product_sku=\"TC6\" aria-label=\"Lee m\u00e1s sobre &ldquo;Cancha #6 EL TESORO (6vs6)&rdquo;\" rel=\"nofollow\">Reservar<\/a>\t<span id=\"woocommerce_loop_add_to_cart_link_describedby_1366\" class=\"screen-reader-text\">\n\t\t\t<\/span>\n<\/li>\n<\/ul>\n<\/div>\t\t<\/div>\n\t\t\t\t<\/div>\n\t\t\t\t\t<\/div>\n\t\t\t\t<\/div>\n\t\t\t\t<\/div>\n\t\t<div class=\"elementor-element elementor-element-7f0fab4 e-con-full e-con\" data-id=\"7f0fab4\" data-element_type=\"container\" data-settings=\"{&quot;content_width&quot;:&quot;full&quot;}\">\n\t\t\t\t<div class=\"elementor-element elementor-element-a7be8f8 elementor-widget elementor-widget-heading\" data-id=\"a7be8f8\" data-element_type=\"widget\" data-widget_type=\"heading.default\">\n\t\t\t\t<div class=\"elementor-widget-container\">\n\t\t\t<h2 class=\"elementor-heading-title elementor-size-default\">Otros espacios<\/h2>\t\t<\/div>\n\t\t\t\t<\/div>\n\t\t<div class=\"elementor-element elementor-element-7a03812 e-con-boxed e-con\" data-id=\"7a03812\" data-element_type=\"container\" data-settings=\"{&quot;content_width&quot;:&quot;boxed&quot;}\">\n\t\t\t\t\t<div class=\"e-con-inner\">\n\t\t\t\t<div class=\"elementor-element elementor-element-8cbd98e elementor-cta--skin-cover elementor-widget__width-initial elementor-widget-mobile__width-inherit elementor-animated-content elementor-bg-transform elementor-bg-transform-zoom-in elementor-widget elementor-widget-call-to-action\" data-id=\"8cbd98e\" data-element_type=\"widget\" data-widget_type=\"call-to-action.default\">\n\t\t\t\t<div class=\"elementor-widget-container\">\n\t\t\t\t\t<div class=\"elementor-cta\">\n\t\t\t\t\t<div class=\"elementor-cta__bg-wrapper\">\n\t\t\t\t<div class=\"elementor-cta__bg elementor-bg\" style=\"background-image: url(https:\/\/lajauladelangel.com.co\/eltesoro\/wp-content\/uploads\/2025\/02\/Imagen-sede-viva-envigado.jpg);\"><\/div>\n\t\t\t\t<div class=\"elementor-cta__bg-overlay\"><\/div>\n\t\t\t<\/div>\n\t\t\t\t\t\t\t<div class=\"elementor-cta__content\">\n\t\t\t\t\n\t\t\t\t<h2 class=\"elementor-cta__title elementor-cta__content-item elementor-content-item elementor-animated-item--grow\">Viva Envigado<\/h2>\n\t\t\t\t\t\t\t\t\t<div class=\"elementor-cta__description elementor-cta__content-item elementor-content-item elementor-animated-item--grow\">\n\t\t\t\t\t\tCanchas de f\u00fatbol, v\u00f3ley playa y p\u00e1del\t\t\t\t\t<\/div>\n\t\t\t\t\n\t\t\t\t\t\t\t\t\t<div class=\"elementor-cta__button-wrapper elementor-cta__content-item elementor-content-item elementor-animated-item--grow\">\n\t\t\t\t\t<a class=\"elementor-cta__button elementor-button elementor-size-md\" href=\"https:\/\/lajauladelangel.com.co\/vivaenvigado\/reservas\/\">\n\t\t\t\t\t\tVer m\u00e1s\t\t\t\t\t<\/a>\n\t\t\t\t\t<\/div>\n\t\t\t\t\t\t\t<\/div>\n\t\t\t\t\t\t<\/div>\n\t\t\t\t<\/div>\n\t\t\t\t<\/div>\n\t\t\t\t<div class=\"elementor-element elementor-element-26ca41d elementor-cta--skin-cover elementor-widget__width-initial elementor-widget-mobile__width-inherit elementor-animated-content elementor-bg-transform elementor-bg-transform-zoom-in elementor-widget elementor-widget-call-to-action\" data-id=\"26ca41d\" data-element_type=\"widget\" data-widget_type=\"call-to-action.default\">\n\t\t\t\t<div class=\"elementor-widget-container\">\n\t\t\t\t\t<div class=\"elementor-cta\">\n\t\t\t\t\t<div class=\"elementor-cta__bg-wrapper\">\n\t\t\t\t<div class=\"elementor-cta__bg elementor-bg\" style=\"background-image: url(https:\/\/lajauladelangel.com.co\/eltesoro\/wp-content\/uploads\/2025\/10\/WhatsApp-Image-2025-10-29-at-5.29.16-PM.jpeg);\"><\/div>\n\t\t\t\t<div class=\"elementor-cta__bg-overlay\"><\/div>\n\t\t\t<\/div>\n\t\t\t\t\t\t\t<div class=\"elementor-cta__content\">\n\t\t\t\t\n\t\t\t\t<h2 class=\"elementor-cta__title elementor-cta__content-item elementor-content-item elementor-animated-item--grow\">Parque Fabricato<\/h2>\n\t\t\t\t\t\t\t\t\t<div class=\"elementor-cta__description elementor-cta__content-item elementor-content-item elementor-animated-item--grow\">\n\t\t\t\t\t\tCanchas de f\u00fatbol\t\t\t\t\t<\/div>\n\t\t\t\t\n\t\t\t\t\t\t\t\t\t<div class=\"elementor-cta__button-wrapper elementor-cta__content-item elementor-content-item elementor-animated-item--grow\">\n\t\t\t\t\t<a class=\"elementor-cta__button elementor-button elementor-size-md\" href=\"https:\/\/lajauladelangel.com.co\/parquefabricato\/reservas\/\">\n\t\t\t\t\t\tVer m\u00e1s\t\t\t\t\t<\/a>\n\t\t\t\t\t<\/div>\n\t\t\t\t\t\t\t<\/div>\n\t\t\t\t\t\t<\/div>\n\t\t\t\t<\/div>\n\t\t\t\t<\/div>\n\t\t\t\t\t<\/div>\n\t\t\t\t<\/div>\n\t\t\t\t<\/div>\n\t\t\t\t\t<\/div>\n\t\t\t\t<\/div>\n\t\t\t\t\t\t\t\t\t<\/div>\n\t\t\t<\/div>\n\t\t\t\t\t<\/div>\n\t\t","protected":false},"excerpt":{"rendered":"<p>Selecciona el Deporte F\u00fatbol P\u00e1del Canchas encontradas Otros espacios Viva Envigado Canchas de f\u00fatbol, v\u00f3ley playa y p\u00e1del Ver m\u00e1s Parque Fabricato Canchas de f\u00fatbol Ver m\u00e1s<\/p>\n","protected":false},"author":176,"featured_media":0,"parent":0,"menu_order":0,"comment_status":"closed","ping_status":"closed","template":"","meta":{"site-sidebar-layout":"no-sidebar","site-content-layout":"page-builder","ast-site-content-layout":"full-width-container","site-content-style":"unboxed","site-sidebar-style":"unboxed","ast-global-header-display":"","ast-banner-title-visibility":"","ast-main-header-display":"","ast-hfb-above-header-display":"","ast-hfb-below-header-display":"","ast-hfb-mobile-header-display":"","site-post-title":"disabled","ast-breadcrumbs-content":"","ast-featured-img":"disabled","footer-sml-layout":"","theme-transparent-header-meta":"default","adv-header-id-meta":"","stick-header-meta":"","header-above-stick-meta":"","header-main-stick-meta":"","header-below-stick-meta":"","astra-migrate-meta-layouts":"set","ast-page-background-enabled":"default","ast-page-background-meta":{"desktop":{"background-color":"","background-image":"","background-repeat":"repeat","background-position":"center center","background-size":"auto","background-attachment":"scroll","background-type":"","background-media":"","overlay-type":"","overlay-color":"","overlay-opacity":"","overlay-gradient":""},"tablet":{"background-color":"","background-image":"","background-repeat":"repeat","background-position":"center center","background-size":"auto","background-attachment":"scroll","background-type":"","background-media":"","overlay-type":"","overlay-color":"","overlay-opacity":"","overlay-gradient":""},"mobile":{"background-color":"","background-image":"","background-repeat":"repeat","background-position":"center center","background-size":"auto","background-attachment":"scroll","background-type":"","background-media":"","overlay-type":"","overlay-color":"","overlay-opacity":"","overlay-gradient":""}},"ast-content-background-meta":{"desktop":{"background-color":"var(--ast-global-color-5)","background-image":"","background-repeat":"repeat","background-position":"center center","background-size":"auto","background-attachment":"scroll","background-type":"","background-media":"","overlay-type":"","overlay-color":"","overlay-opacity":"","overlay-gradient":""},"tablet":{"background-color":"var(--ast-global-color-5)","background-image":"","background-repeat":"repeat","background-position":"center center","background-size":"auto","background-attachment":"scroll","background-type":"","background-media":"","overlay-type":"","overlay-color":"","overlay-opacity":"","overlay-gradient":""},"mobile":{"background-color":"var(--ast-global-color-5)","background-image":"","background-repeat":"repeat","background-position":"center center","background-size":"auto","background-attachment":"scroll","background-type":"","background-media":"","overlay-type":"","overlay-color":"","overlay-opacity":"","overlay-gradient":""}},"footnotes":""},"class_list":["post-42491","page","type-page","status-publish","hentry"],"_links":{"self":[{"href":"https:\/\/lajauladelangel.com.co\/eltesoro\/wp-json\/wp\/v2\/pages\/42491","targetHints":{"allow":["GET"]}}],"collection":[{"href":"https:\/\/lajauladelangel.com.co\/eltesoro\/wp-json\/wp\/v2\/pages"}],"about":[{"href":"https:\/\/lajauladelangel.com.co\/eltesoro\/wp-json\/wp\/v2\/types\/page"}],"author":[{"embeddable":true,"href":"https:\/\/lajauladelangel.com.co\/eltesoro\/wp-json\/wp\/v2\/users\/176"}],"replies":[{"embeddable":true,"href":"https:\/\/lajauladelangel.com.co\/eltesoro\/wp-json\/wp\/v2\/comments?post=42491"}],"version-history":[{"count":3,"href":"https:\/\/lajauladelangel.com.co\/eltesoro\/wp-json\/wp\/v2\/pages\/42491\/revisions"}],"predecessor-version":[{"id":54468,"href":"https:\/\/lajauladelangel.com.co\/eltesoro\/wp-json\/wp\/v2\/pages\/42491\/revisions\/54468"}],"wp:attachment":[{"href":"https:\/\/lajauladelangel.com.co\/eltesoro\/wp-json\/wp\/v2\/media?parent=42491"}],"curies":[{"name":"wp","href":"https:\/\/api.w.org\/{rel}","templated":true}]}}